- 3*n + 8. Let g(x) = 2*o(x) - 3*t(x). What is g(c)?
18
Let r(i) = -2*i + 7. Suppose 8*q + 1100 = 13*q. Let d be (2 + 3/(-6))*q/6. Let z be (-352)/d - 1/(5/(-2)). Determine r(z).
19
Let a(u) = u**2 + 11*u - 2. Let c be a(-17). Suppose 0 = c*z - 103*z + 6. Let d(x) = -2*x**2 + 2*x. What is d(z)?
-4
Suppose -1658*k + 1669*k - 231 = 0. Let h(g) = -g**3 + 21*g**2 - 2*g + 17. Determine h(k).
-25
Let y(m) = -159*m + 38*m + 31*m + 88*m + 1 + 36*m**3. Give y(1).
35
Let s(r) = -25*r**2 + 17*r + 15. Let f(c) = 11*c**2 - 8*c - 7. Let b(m) = 9*f(m) + 4*s(m). Let k be b(-1). Let j(a) = a - 1. Calculate j(k).
-1
Let t(u) be the first derivative of u**2/2 - 61*u - 2926. Give t(15).
-46
Let v(f) be the first derivative of -13 - 5/2*f**2 + 6*f. Calculate v(8).
-34
Suppose 4*q + 36 = -4*o, -2*q - q + 21 = 0. Let y(x) = -x**3 - 16*x**2 - 4*x - 55. Determine y(o).
9
Let k(a) = -3*a - 28. Let t(p) = -p - 9. Let h(l) = -l**2 - 3*l - 4. Let g be h(0). Let x(y) = g*k(y) + 11*t(y). What is x(-9)?
4
Let k(d) = 15*d**2 + 18*d + 7. Suppose -44*r - 259 = 5. Let l(g) = 14*g**2 + 15*g + 6. Let m(o) = r*l(o) + 5*k(o). What is m(1)?
-10
Let t(y) be the third derivative of -5*y**4/24 - 41*y**3/3 + 87*y**2. Determine t(-18).
8
Let s(l) be the second derivative of -l**5/20 - 25*l**4/12 - 11*l**3 + l**2/2 - 1423*l + 2. Give s(-22).
1
Let b(z) be the second derivative of z**8/210 + 101*z**4/6 - 212*z. Let o(f) be the third derivative of b(f). Give o(-1).
-32
Let j(c) = -c**2 - 13*c + 2. Let s(n) = -n**2 - 4*n + 10. Suppose -39*o + 14*o = -75. Let u be s(o). Give j(u).
24
Suppose 4*d - 5*q + 75 = 0, -q + 3*q = -5*d - 69. Let v = d - -12. Let j(a) = 0 - 19*a + 21*a - 2. Calculate j(v).
-8
Let d(g) = -11*g + 20. Let i be 4/(-2) + (5 - 7). Let s be d(i). Let j = 70 - s. Let w(v) = -v**2 + 5*v + 3. Determine w(j).
-3
Suppose -3 = -w + 2. Let j(f) = -5*f + w*f - 2*f**3 + 4*f - 2*f**2 + f**3. Let t(b) = b**3 + 2*b**2 + 4*b + 18. Let o be t(-3). Determine j(o).
-3
Suppose -a + 36 = -0*y - 4*y, 152 = 3*a - y. Let g(h) = 9 - 21*h + h**2 - 24*h + a*h. Let n be ((-6)/(-7))/((-3)/21). Give g(n).
3
Suppose -10*r = -8 - 2. Let o(p) = r - 2*p - 5*p - 3*p + 0*p. Calculate o(2).
-19
Let d(m) = m**3 + 20*m**2 - 7*m - 21. Let c be d(-20). Suppose -122 = 3*r - c. Let f(n) = 25*n. Give f(r).
-25
Let o(k) = -71*k + 11. Let t(q) = -104*q + 15. Let p(v) = -7*o(v) + 5*t(v). What is p(-4)?
90
Let h(v) = 26*v**3 + 4*v**2 + 2*v - 1. Let p be h(-2). Let m = p - -205. Let u(r) = 5*r - 12. Determine u(m).
28
Let f(o) = o + 1. Let m(n) = n**2 + 12*n - 13. Let s(r) = f(r) - m(r). Let y = -1679 + 1669. Give s(y).
24
Suppose -65*a = 4*b - 61*a - 20, 7 = 3*b - 5*a. Let n(f) = -f**2 - b*f**2 - 11 + 2*f**2 + 7*f**2 - 3*f**2 + 6*f. Give n(-8).
5
Suppose a + 5*z - 87 = 0, 2*z - 3*z + 5 = 0. Let f = -54 + a. Let b(c) = c**3 - 7*c**2 - 10*c + 4. Determine b(f).
-12
Let j(g) = g**3 + g. Let k(u) = -2*u - 3*u - 9 + 11*u**2 + 4 + 3*u**3 + 0*u - 4. Let l(a) = 4*j(a) - k(a). What is l(10)?
-1
Let o(p) = 5635456*p - 5635447*p + 3*p**2 - 3 - 4*p**2. Suppose 2*a + a = 18. Calculate o(a).
15
Let j(f) = 2*f**3 - 22*f**2 - 17*f + 40. Let y(m) = 2*m**3 - 21*m**2 - 16*m + 38. Let s(a) = 4*j(a) - 5*y(a). Give s(9).
-3
Suppose -122 = 5*m - 112. Let i = 39 - 35. Let h be ((-6)/(-15)*i)/(m/10). Let t(b) = -b**3 - 7*b**2 + 9*b + 2. Give t(h).
-6
Let w(d) be the third derivative of d**4/12 + d**3/6 - 18*d**2 + 1. Suppose 5*p + 3*t - 23 = 0, 2*p + 2*t + 15 = 3*p. Let j be (-21)/p + 0 + 1. Calculate w(j).
-3
Let c(m) = -6*m - 4*m**2 + 5*m**2 - 2 + 0*m. Suppose 340 + 640 = 46*v + 612. Calculate c(v).
14
Let j(x) = -3 - 3*x + x + 2. Let k(n) = n**3 + 6*n**2 - n - 21. Let q be k(-5). Suppose 3*b - 9 = l - 3*l, 3*l - q = 0. Determine j(b).
-3
Suppose -3*z + 6*z + w = 10, -2*w + 5 = 3*z. Let a be 2/(z + -4) + -4. Let x(k) = 3 - k**3 + 2 - 2 - 7 + k + 5. Give x(a).
7
Let w(z) = 9*z - 38. Let q(m) = -5*m + 19. Let g(x) = 7*q(x) + 4*w(x). Let v(d) = d - 19. Let b(f) = -5*g(f) + 6*v(f). Calculate b(9).
-10
Let o = 12092 + -12090. Let r(f) be the first derivative of -4/3*f**3 + f + 0*f**o - 2. Give r(-2).
-15
Let w(r) = 2*r**3 - r + 3. Suppose 5*u - 4 = 4*g, -8*u + 1 = -13*u - g. Calculate w(u).
3
Let p(s) = 404 + s - 180 - s**3 - 188 + 2*s**2 + 2*s. Determine p(0).
36
Let q = 3/3070 + 3061/9210. Let a(w) be the second derivative of 5*w - q*w**3 + 0 - 5/2*w**2. Determine a(-4).
3
Let c(f) = 34*f - 2127. Let m be c(62). Let u(t) = -t**2 - 20*t - 7. Determine u(m).
12
Let f(m) = -m**2 + 12*m - 14. Let k be (-4)/(0 - -4) + (-27 - -34). Calculate f(k).
22
Let r(b) = b**3 - 6*b**2 + 4*b + 5. Let j(n) = n**2 - 8*n - 9. Let t be j(9). Let z be 75 + (-3 - -3 - t). Let h be (4/12)/(5/z). Calculate r(h).
0
Let g = 86396 - 86398. Let n(i) = i**2 - 3 + 2*i + i**3 + 2 - 2*i**2. What is n(g)?
-17
Suppose -96 = 9*a + 291. Let s = 25 + a. Let q be 1/(3/s - 0). Let y(n) = n**2 + 2*n - 5. What is y(q)?
19
Let c(k) be the first derivative of 16 + 7/2*k**2 - 8*k + 1/3*k**3. What is c(-8)?
0
Let c(v) = 3*v**2 - 5*v + 5. Let p be (14/(-4))/(14/(-16)). What is c(p)?
33
Let o = 61 - 60. Suppose t - o - 4 = 0. Let p(l) = -5*l**2 - 17*l - 10. Let h(m) = 3*m**2 + 11*m + 7. Let c(w) = -8*h(w) - 5*p(w). Give c(t).
4
Suppose -6*q + q = -10. Suppose q*f + 23 - 9 = 0. Let c(w) be the second derivative of w**5/20 + 2*w**4/3 + 7*w**3/6 - 2*w**2 - 15*w + 3. Give c(f).
-4
Let s = -10555 + 10562. Let b(k) = -3*k + 13. Give b(s).
-8
Let h(r) = -4*r - 56. Suppose 5*g + 9*p = -42, 15*g - 22 = 17*g + p. Calculate h(g).
-8
Let s(t) = -t**3 + 3*t**2 - 4*t - 1. Let l = -1362 - -421. Let i = l - -944. Calculate s(i).
-13
Let u(q) = q**3 + 3*q**2 + q. Suppose -6*v = 23*v - 1044. Suppose 0 = 30*k - v*k - 18. Calculate u(k).
-3
Let a(v) = v**2 + 13*v + 24. Suppose 6 + 106 = 16*j. Suppose -3*t - 8 = 2*d - j*t, t + 53 = -5*d. Give a(d).
-6
Let g(j) = -32*j + 165. Suppose -312*u + 1335 = -67*u + 110. What is g(u)?
5
Suppose 3*d + 30*d = 3*d. Suppose -4*s - 4 = 3*w, d = w - 0*s - 3*s - 3. Let m(x) = x + 9. Calculate m(w).
9
Let p(b) = b + 3. Let z(l) = 7*l**2 + l**3 + 5*l**2 - 10*l + 3 - 2*l**2 - l**2. Let a = 15 + -25. Let g be z(a). Determine p(g).
6
Let s = -106 + 1331. Let g(x) = -s*x**3 - 2*x - 3*x + 1224*x**3 - 8*x**2. Calculate g(-7).
-14
Let i(o) = -o**2 + 9*o - 15. Let v be (-3 - (-42)/15)/(10/(-350)). Calculate i(v).
-1
Let i(o) = -o**3 - o**2 - 4*o - 1. Let c(j) = 2*j**3 + 38*j**2 + 97*j + 19. Let v be c(-16). What is i(v)?
-49
Let m(z) = -z - 2. Let i = -757 - -970. Let b = i + -206. Determine m(b).
-9
Let j = -6839/12 + 570. Let q(x) be the second derivative of -14*x - x**3 + 1/2*x**2 + 0 + j*x**4. Calculate q(4).
-7
Let v(u) be the third derivative of 5*u**4/24 - 7*u**3/6 + 7*u**2 - 64*u. Give v(-13).
-72
Suppose -31*c + 8*c = 115. Let f(z) = -z + 8. Let v(p) = -p - 9. Let o(b) = 2*b + 10. Let h(a) = -2*o(a) - 3*v(a). Let r(k) = c*f(k) + 6*h(k). Calculate r(7).
-5
Let k(f) be the second derivative of f**3/3 + 3*f**2 - 2*f + 61. Give k(3).
12
Suppose 9*c + 10 = 4*c. Suppose -3*m + 2*o + o + 9 = 0, m - 5*o - 7 = 0. Let q(v) = -2*v. Let b(l) = -3*l - 2. Let z(g) = c*b(g) + m*q(g). Give z(5).
14
Let d(c) = -12*c**2 + 3*c + 1. Suppose -19*m + 4*x = -15*m + 8, 3*m + 6 = -3*x. Give d(m).
-53
Let s(l) = 14*l - 9. Let y(f) = f**3 - 2*f**2 + f - 3. Let a be y(2). Let m(r) = 3*r - 1. Let n(j) = a*s(j) + 4*m(j). Determine n(-4).
13
Let p(x) = -x**2 + 14*x - 56. Let a = -7980 + 7988. Calculate p(a).
-8
Let j(k) = 113 - 581*k**2 - 623*k**2 + 1203*k**2 - 30*k. Give j(-33).
14
Let p(z) = -24*z**3 + 27*z**2 - 27*z - 27. Let x be (-5 - 2) + (20 - 15). Let l(r) = r**3 - r**2 + r + 1. Let y(i) = x*p(i) - 54*l(i). What is y(1)?
-6
Let m(t) be the first derivative of -t**3/3 + 5*t**2 - 8*t - 34. Let y(a) be the first derivative of m(a). Determine y(-8).
26
Let m(v) = -5*v - 1. Let u(c) = 6*c + 1. Let w(g) = 5*m(g) + 4*u(g). Suppose 560 - 70 - 70 = -70*p. Give w(p).
5
Let r(m) = -m**3 + 18*m**2 + 14. Let h be (-1485)/(-110)*8/6 - 0. What is r(h)?
14
Let q(u) = -u**3 - 4*u**2 + 3*u - 3. Let i = 361 + -457. Let y = -101 - i. Give q(y).
7
Let f(u) = 2*u**2 + 2*u - 4. Suppose -5*d - 403 = -5*z - 3*d, -5*z - d = -406. Let o = 78 - z. Determine f(o).
8
Let g(o) = -3*o**3 + 2*o**2 + o + 7. Let t(x) = -8*x**3 - 14*x